se 0 = -3*j + 2*y + 285, 0*j - 5*y - 285 = -3*j. Suppose -2*b - j = -3*b. Let m = -34 + b. What are the prime factors of m?
61
Suppose -8*k = 25*k - 18876. List the prime factors of k.
2, 11, 13
Let x(t) be the second derivative of -25*t**3/3 + 3*t**2/2 + 19*t. What are the prime factors of x(-2)?
103
Let u be -1 + 8417/9 - 10/45. Suppose -2949 = -13*x - u. What are the prime factors of x?
5, 31
List the prime factors of (-2553)/(-74)*((-164)/6)/(-1).
23, 41
Let q(w) = -165*w + 410. List the prime factors of q(-20).
2, 5, 7, 53
Let m(o) = o**3 + 5*o**2 - 6*o + 3. Let q be m(-6). Suppose -q*i = i - 52. Suppose -i - 137 = -5*f. List the prime factors of f.
2, 3, 5
Let q be 108/144 - (0 + (-1)/4). Let i(p) = 3*p**2 - 4*p + 4. What are the prime factors of i(q)?
3
Let m(h) = 21*h**2 - h + 1. Suppose 15 = a - z + 2*z, 4*a - 20 = 4*z. Let t be (4/a)/(2/5). What are the prime factors of m(t)?
3, 7
Let o = 34 - 24. Let h be 36/o*(-6 - -1). Let c = h - -59. What are the prime factors of c?
41
Suppose -t + g = -37, t - 39 = 2*g + g. Suppose 4*m = 2*y - 130, 0 = -2*y + 3*m + 92 + t. List the prime factors of y.
61
Suppose -8*s + 6*s = -114. Let y = s - 1. List the prime factors of y.
2, 7
Let g(l) = -6*l + 82. Let h be g(10). List the prime factors of ((-8)/h)/(-2) - (-31524)/132.
239
Let o be (-150)/(-35) + (-4)/14. Suppose 4*a = 5*k + 764, -a - 5*k + 955 = o*a. What are the prime factors of a?
191
Suppose 4*u - 18 = 3*u. What are the prime factors of (-4)/2 + 1 + u?
17
Suppose 3*x = -z + 1237, 5*z + 12 = 2. List the prime factors of x.
7, 59
Let n(a) = a**3 - 7*a**2 - a + 11. Let s be n(7). What are the prime factors of ((-111)/(-9))/(s/12)?
37
Let j(p) = -p. Let g(b) = 4*b - 28. Let q(h) = g(h) + 16*j(h). What are the prime factors of q(-11)?
2, 13
Let y = 1328 - 1171. List the prime factors of y.
157
Suppose 0 = -2*d + 2*l + 42, -4 = l - 2. Let a(h) = h**3 + 7*h**2 - 2*h - 6. Let t be a(-7). Let o = d - t. What are the prime factors of o?
11
What are the prime factors of (-16)/(-28)*(111042/12 - -11)?
2, 2647
List the prime factors of (1/2)/(1 - 9210/9216).
2, 3
Let g(p) = 9*p**2 + 7*p + 5. Suppose 0 = 2*d + 1 + 3. What are the prime factors of g(d)?
3
Let q(j) = 2*j**2 + 49*j - 131. List the prime factors of q(-35).
2, 151
Let a(t) = -3*t**2 - 222*t - 33. What are the prime factors of a(-65)?
2, 3, 7, 41
Suppose -4*m - 16 = -z, -5*m = -2*m. Suppose -2*h + 76 + 24 = -i, 0 = -4*i - z. Suppose h - 12 = 2*w. List the prime factors of w.
2, 3
Suppose 402 = r - 4*n, -2*r - 7*n + 2*n = -843. Suppose 27*x - 25*x = r. List the prime factors of x.
3, 23
Suppose -5*p + 4*a = -23200, 4*p + 0*a = a + 18571. List the prime factors of p.
2, 3, 43
Suppose 4*j + j = 75. Let w = -16 + j. What are the prime factors of (18 - -1)*(w - -3)?
2, 19
Suppose 3*s - 511 - 335 = 0. What are the prime factors of s?
2, 3, 47
Suppose 2*p + 3*p = 0. Suppose -3*x - 4 = d, 3*d = -p*d + 5*x + 16. Suppose -d*v - 10 = -7*v. What are the prime factors of v?
2
Let n = 328 + -125. What are the prime factors of n?
7, 29
Let f = -1 - -3. Let v = -107 - -109. Suppose q + h = -0*h - f, v*q - 8 = h. List the prime factors of q.
2
Suppose -3*u - 4*j = -3779, -6*j + 3763 = 3*u - 10*j. What are the prime factors of u?
3, 419
Let f(w) be the third derivative of w**5/30 - w**4/12 - w**3/3 - w**2. Let j = -51 - -48. List the prime factors of f(j).
2, 11
Let v = -2 + 2. Suppose -4*p - h + 55 = 0, v*h - 15 = -5*h. Suppose -3*y - 4*d + 30 = -d, -p = -y - 4*d. List the prime factors of y.
3
Let h(f) = 1920*f + 10. What are the prime factors of h(1)?
2, 5, 193
Let h = 1986 - 1191. What are the prime factors of h?
3, 5, 53
Suppose 261 = y - 4*b - 348, 1230 = 2*y - 5*b. List the prime factors of y.
5
Let x = -3 + -6. Let p = 13 - x. Let w = 47 - p. List the prime factors of w.
5
Suppose -2*z - 3*z + 1313 = 2*y, 4*y = 3*z - 767. Suppose -3*n + 0*n = -z. List the prime factors of n.
3, 29
Let r(u) = -2 - 14 - 4 - 3*u - 5. What are the prime factors of r(-23)?
2, 11
Let k = 306 + 100. What are the prime factors of k?
2, 7, 29
Let s(d) = 20*d + 28. Let q be s(-8). What are the prime factors of (88/33)/((-2)/q)?
2, 11
Let y(j) = -4*j. Let w(x) = x. Let k(r) = -10*r. Let n(u) = k(u) + 6*w(u). Let v(o) = 2*n(o) - 3*y(o). List the prime factors of v(4).
2
Let c(p) = -p**3 + 21*p**2 - p + 41. What are the prime factors of c(20)?
421
Let o(b) = b**2 + b - 2*b + 0*b - 5 - 4*b. What are the prime factors of o(-4)?
31
Let d be 19/6 + 1*6/(-36). Let u(r) = 7*r**2 - 1. What are the prime factors of u(d)?
2, 31
Suppose 3*x = -5*g + 10, -4*g - 3*x - x = -8. Let c(r) = -r**2 - 4*r - 3. Let d be c(-2). List the prime factors of 3 + d/(-2)*g.
2
What are the prime factors of (-2)/5 - (-139195)/175?
3, 5, 53
Let l(r) = -5*r - 44. Let u be l(-16). Let z = u + -26. What are the prime factors of z?
2, 5
Let u(v) = 2*v - 10. Let x = 13 + -27. Let d = x + 23. List the prime factors of u(d).
2
Let z be 158/10 + (-9)/(-45). What are the prime factors of (-6)/48 - (-1266)/z?
79
Let f(s) = -s**2. Let a be f(1). Let o be 5*(a + 3 + -4). List the prime factors of (-295)/o - 2/4.
29
Suppose -4*s = 2 - 10. Suppose s*l + l = 102. List the prime factors of l.
2, 17
Let b(o) = 28*o**2 + 5*o + 15. List the prime factors of b(-4).
443
Suppose 2*o = 5*w + 7 - 3, w = -2*o + 4. Suppose -9*n = o*n - 363. List the prime factors of n.
3, 11
Let r(y) = -2*y - 1 + y + 3*y + 82*y**2 - 11*y**2. Let l be r(1). Suppose -3*o + 150 - 43 = -4*n, -3*n + l = 3*o. List the prime factors of o.
29
Suppose 2*q - 3*q = 3*x - 21, 3*q + 4*x - 68 = 0. Let t = q + -9. List the prime factors of t/(-40)*-4*10.
3, 5
Let o be 0 - (-1 - -2)*-3. Suppose -4*n + 10 + 17 = 5*c, 5*c - 24 = -3*n. Suppose -5*d = c*k - 90, 23 = o*d - k - 17. What are the prime factors of d?
3, 5
Suppose 2*h + 2*h = -3*t - 1, -30 = -2*t + 5*h. Suppose -3*d = 2*d + 2*k - 540, -3*d + t*k + 293 = 0. What are the prime factors of d?
2, 53
Let i = -138 + 117. Suppose 4*z - 149 = -9. Let m = z + i. What are the prime factors of m?
2, 7
Suppose 0 = -4*u + 355 + 77. Let p = 342 + -338. Suppose -p*x + 6*x = u. What are the prime factors of x?
2, 3
Suppose 0 = -2*o + 9013 - 4389. What are the prime factors of o?
2, 17
Suppose 0 = 12*t - 2418 - 1302. List the prime factors of t.
2, 5, 31
Suppose l - 144 = -2*y + 292, -5*l - 1120 = -5*y. Let h = y + -115. Suppose 3*k - 19 = 2*c - h, -4*c - 5*k + 128 = 0. List the prime factors of c.
37
Let p = 787 + -657. List the prime factors of p.
2, 5, 13
Let w(f) = f**2 + f + 5. Let j be w(-4). Suppose j = -3*t + 44. Suppose -n + 2*n = z + 6, -n + t = -2*z. List the prime factors of n.
3
Let z(v) be the third derivative of 29*v**5/20 - v**3/6 - v**2. What are the prime factors of z(1)?
2, 43
Suppose 28962 = -g + 19*g. List the prime factors of g.
1609
Let l = 26 - -45. Let i = l + 16. What are the prime factors of i?
3, 29
Suppose 119 = 3*x - 5*s + 4*s, -4*x + 5*s = -166. Suppose n - 2*b + 12 - x = 0, 3*n = 4*b + 75. What are the prime factors of n?
3, 7
Let t = 3359 + -1756. List the prime factors of t.
7, 229
Let l = 2 - -9. Let o = l + -2. What are the prime factors of o?
3
Let u(s) = -s + 2. Let k be u(2). Suppose k = 6*b - 2*b - 328. What are the prime factors of b?
2, 41
Let o = -9 - -50. List the prime factors of o - (-10 + 3 - -4).
2, 11
Suppose -11*x = -13*x - 356. Let p = -100 - x. List the prime factors of p.
2, 3, 13
Let h = 13 - 8. Suppose -r - 516 = -h*k, -2*r = k + k - 204. List the prime factors of k.
103
What are the prime factors of -5 - -1 - 1*(-13896)/4?
2, 5, 347
Suppose 4*u = -35 + 11. Let y be (3 - 57/6)*u. What are the prime factors of -1*(4 + -1*y)?
5, 7
What are the prime factors of (-169)/(-676) - ((-16958)/8 - -1)?
13, 163
List the prime factors of (-16)/8 + (1252/4 - 3).
2, 7, 11
Let x be 102/(-48) + 2/16. Let p be 0 + 2 + x + 20. What are the prime factors of p/1 + (-28)/(-7)?
2, 3
Suppose 3*b = -9, 4*q + 6*b = 4*b + 718. What are the prime factors of q?
181
Let p = -21 + 23. What are the prime factors of -6*17/(-2) - p*1?
7
Suppose -10*g = -22 + 2. Suppose 0 = -u - 1 + 4. Suppose g*x - 2 - 12 = -u*f, x - 21 = -5*f. What are the prime factors of f?
2
Suppose -2*n - 2*n = -180. Suppose 4*z + 51 = z. Let o = z + n. What are the prime factors o